Let a(l) = l**2 + l + 6. Let w(h) = -h + 9. Suppose 4*v - 1 = -z, 4 + 2 = 3*v. Let u be w(z). Let s = -16 + u. Give a(s).
6
Suppose -4*z = 0, p - 6 + 0 = -5*z. Let t(b) = -b**3 + 7*b**2 - b. What is t(p)?
30
Let g(k) be the third derivative of -k**7/1680 - k**6/720 + 31*k**5/60 + 23*k**2. Let d(s) be the third derivative of g(s). Determine d(1).
-4
Suppose -7*c + 5*c + 142 = 0. Let z = c + -67. Let w(x) = -2*x**2 + 5*x + 2. Calculate w(z).
-10
Let t(r) = r**2 - r + 5. Let l(x) = -x**3 - x**2 + 2*x + 8. Let j be l(-3). Suppose 4*z - g - j = g, 5*z + g - 18 = 0. What is t(z)?
17
Let r(p) = 128*p + p**3 + 119*p - 248*p. Let c = 1 + -1. Determine r(c).
0
Let p(q) = -11*q + 15 + 0*q + 17*q - 3*q. What is p(-5)?
0
Let w(t) be the first derivative of -t**7/420 - t**6/360 + t**4/24 - 2*t**3 + 1. Let c(s) be the third derivative of w(s). Give c(-1).
2
Let t = -489 - -473. Let w(g) = -g**3 - 16*g**2 + 2*g + 35. Determine w(t).
3
Suppose -5*z - 4*b = -35, -4*b = -6*z + 2*z - 8. Suppose 12 = z*u - 9. Let k(v) = v**3 - 6*v**2 - 8*v + 2. Give k(u).
-5
Let l(r) be the second derivative of -r**3/6 - r**2/2 - r. Suppose j + 3*j = 7*j. Let p be (-24)/(-20)*(j + -8 + 3). Give l(p).
5
Suppose 2*k = -4*h + 303 - 293, -4*k + 5*h = -20. Let b(v) be the second derivative of -3/2*v**2 + 3*v + 1/10*v**k - 1/4*v**4 + 2/3*v**3 + 0. What is b(2)?
9
Let z(q) be the second derivative of -7*q**3/6 + 15*q**2/2 - 271*q + 2. Determine z(9).
-48
Suppose 25 = 3*h + j, 7*h - 5*h = 2*j + 30. Let n(c) = 3*c - 32. Give n(h).
-2
Let h(j) = -3*j**3 - 13*j**2 + 6*j - 8. Let k(d) = -5*d**3 - 14*d**2 + 5*d - 7. Let x(l) = -3*h(l) + 2*k(l). Give x(10).
30
Suppose 0 = 2*n - n - 5. Suppose -n*m = -m. Let j(v) = m*v + v + 3*v**2 + 3*v**2 - 2*v. What is j(-1)?
7
Let a(s) = -s + 2. Let j(p) = 3*p - 53. Let f be j(16). Give a(f).
7
Let o(j) = 4*j**3 - 13*j**2 - 17*j + 17. Let f(k) = -3*k**3 + 13*k**2 + 16*k - 16. Let n(d) = 5*f(d) + 4*o(d). Calculate n(-12).
-12
Suppose 5*g = 10, -10 = -3*m + g - 0. Suppose m*q + 6 = -2*w, q + 2 = -w - 2*q. Let p(n) = -3*n**3 + n**3 + n**3 - 5*n**2. Determine p(w).
0
Suppose -63 = -12*w + 5*w. Let l(b) = 4*b - 7*b + 0*b + 7 + w*b. Determine l(-5).
-23
Let q(a) = -a**2 - a + 2. Let o = -88 - -88. Suppose c + 4*f + 10 = 0, o*f - 4 = 2*f. What is q(c)?
0
Let y(k) = -11*k**2 - 5*k - 3. Let m be 1/7*(-28)/4. Determine y(m).
-9
Let x be (127 - 137)/(-1 - -2). Let g(n) = 2*n**2 + 20*n - 6. Calculate g(x).
-6
Let y be (26 - 19)/(-3 - -2 - -2). Let v(s) = -s**2 + 9*s + 5. Calculate v(y).
19
Let s = -3/187 - -971/2244. Let u(y) be the second derivative of -1/2*y**2 - s*y**4 + 0 + 1/20*y**5 - 5*y + 1/6*y**3. Give u(5).
4
Let d(o) be the second derivative of -o**7/2520 - o**6/180 - o**5/40 - 3*o**4/4 + 4*o. Let s(w) be the third derivative of d(w). Determine s(-3).
0
Suppose 20*c - 24*c + 28 = 0. Let g(j) = j**2 - 7*j - 4. Give g(c).
-4
Let o(x) = x**3 - 9*x**2 - 37*x + 17. Suppose 0*j = 12*j - 144. Determine o(j).
5
Let f(b) be the third derivative of -b**4/24 + 13*b**3/6 + 288*b**2. Determine f(15).
-2
Suppose 98*l + 165 = -423. Let m(h) = -3*h - 15. What is m(l)?
3
Let a(c) = -3*c**2 + 5*c + 1. Let v be a(2). Let o(f) be the third derivative of f**4/12 + f**3/6 - 2*f**2. Give o(v).
-1
Let u(z) = z**3 - 5*z**2 + z - 3. Let s(i) = -3*i + 7*i**2 + 6 + 4*i - 12 - 3*i**3 + 2*i**3. Let n be s(7). Let q = 6 - n. Give u(q).
2
Let x(p) = 8*p + 4*p**2 + 3*p - 21*p - 1 + 10*p. Calculate x(-2).
15
Let j(n) be the second derivative of -n**4/12 + 2*n**3/3 - n**2 + n - 12. Give j(4).
-2
Let a(l) = 11*l + 2 - 12*l + 1. Give a(2).
1
Let v(r) be the first derivative of r**6/360 - r**5/40 - r**4/6 + 34*r**3/3 - 15. Let p(u) be the third derivative of v(u). Calculate p(3).
-4
Let x(k) be the third derivative of -1/6*k**4 + 0 + 0*k - k**3 + 8*k**2. Let j(g) = g. Let p be j(-5). What is x(p)?
14
Let l = 395 + -380. Let r(f) = -f + 10. Determine r(l).
-5
Let z = -1177 - -1172. Let f(i) = i**3 + 5*i**2 - i - 11. What is f(z)?
-6
Let j(h) = -h**2 - h. Let i(p) = -4*p**2 - 3*p - 4. Let w(n) = i(n) - 3*j(n). What is w(-3)?
-13
Let z = -31 - -44. Suppose -2*y - 5*l + z = 0, y - 2 = -l - 0. Let q(v) = -v + 4. Let r(w) = -1. Let i(h) = y*q(h) - r(h). Calculate i(6).
3
Let d(v) = -4*v**2 + 2*v + 1. Let h = -27 + 69. Let q be 36/h - (-2)/14. Let s be ((-2)/(4 + -2))/q. What is d(s)?
-5
Suppose -5*t + 8 + 53 = 4*u, -t + 5*u = 11. Let z be 6 + -10 + t - (-2)/(-1). Let o(p) = 2*p**3 - 4*p**2 - 2*p + 2. Give o(z).
14
Let q(w) = -w**3 - 5*w**2 + 5*w - 4. Let i be 34/(-6) + (70/(-21) - -4). Calculate q(i).
-29
Let d(k) be the third derivative of k**4/12 - 2*k**3/3 - 2*k**2. Let a(r) = -r**3 + r + 4. Let s be a(0). Suppose -s*g = -5 - 7. What is d(g)?
2
Let c(d) = d**3 - 7*d**2 + 8*d - 1. Let q = 44 - -51. Let i = -89 + q. What is c(i)?
11
Let w(f) = f**2 - 7*f - 10. Let i be 24/(-180) + (-176)/30. Let z(d) = -2*d**2 - 14*d - 5. Let v be z(i). Give w(v).
-10
Let g(c) = 0*c + 2905 - c - c - 2911. Determine g(7).
-20
Let b(n) = -n**3 + 7*n**2 + 2. Let r be b(7). Let q(p) = 8 - p + p**r + p**3 + 1 - 8 + 8. What is q(0)?
9
Let j be 14/(-21)*15/(-2). Let f(b) = -4*b - b + j*b + 1 + 5*b. Let c be -1*(-3 + (4 - 2)). Calculate f(c).
6
Let h be (-1)/(1 - (-5)/(-10)). Let m(q) be the third derivative of q**6/120 + q**5/60 + q**4/12 + q**3/2 + 3*q**2. Give m(h).
-5
Let j(v) = -v + 2. Suppose -3*m = -2*b - 20, -4*m - 3*b + 0*b = -4. Suppose 8 + 12 = -m*h. Determine j(h).
7
Let t(x) = -1. Let l(p) = p - 2. Let n(a) = 4*l(a) - 11*t(a). Calculate n(-3).
-9
Let z(b) = 2*b**2 + 8*b + 12. Let o be z(-2). Let k(m) = -11*m + 0 - 2 + o - 1. Determine k(1).
-10
Suppose -62*i + 109 = 605. Let r(g) = 4*g + 31. Determine r(i).
-1
Let z(b) = b**2 - 5*b + 13. Let a(l) = 100*l - 892. Let i be a(9). Determine z(i).
37
Let o(t) = t**2 - 2*t - 2. Suppose 11 = -3*y + g, -4*y + 9*g + 7 = 12*g. Give o(y).
6
Let r(u) = -u**2 + 7*u - 4. Let d(c) = c**3 - 14*c**2 + 16*c - 31. Let m be d(13). Give r(m).
-12
Let n(k) = -9*k + 18. Let r(f) = -21*f + 36. Let l(y) = 9*n(y) - 4*r(y). Calculate l(-8).
-6
Let f(u) = -1 - 101*u - 2 + 106*u - 2. Let v(j) = 11*j - 11. Let d(h) = 9*f(h) - 4*v(h). Calculate d(-5).
-6
Let s(w) = -w**3 + 3*w**2 - 2*w + 1. Suppose 3*x = -4*j + 53, 0 = -j - 2*x + 4*x + 16. Suppose 0 = 7*b - 0*b - j. What is s(b)?
1
Let u(c) = -11*c + 1. Let o(p) be the first derivative of p**4/4 - 3*p**3 + p + 17. Let q be o(9). Determine u(q).
-10
Let j = -13 + 17. Let t(y) be the first derivative of y**4/12 - 5*y**3/6 + 3*y - 1. Let s(c) be the first derivative of t(c). What is s(j)?
-4
Let p(l) = 4*l + 46. Let z be p(-10). Let q(k) = -6*k + 22*k**2 - 2*k - 23*k**2 + 3*k - z. Determine q(-6).
-12
Let n(h) = -h**3 + 5*h**2 + h - 6. Suppose -3*r - 6 = 0, 2*v = -3*r - 0*r - 54. Let c = -19 - v. What is n(c)?
-1
Let w(l) be the second derivative of l**5/20 + l**4/4 - l**3/3 - l. Suppose 5*z - 10*z + 10 = 0. Let q be (-5)/z - 21/14. What is w(q)?
-8
Let y(n) = 3*n - 3. Let z(c) = 9*c - 9. Let q(g) = -10*g + 10. Let f(m) = 5*q(m) + 6*z(m). Let x(w) = -4*f(w) + 5*y(w). Give x(3).
-2
Let n(s) be the third derivative of s**6/120 - s**5/15 + 5*s**4/24 - s**3/2 + s**2 - 51*s. Calculate n(4).
17
Let v(n) = -7*n**3 - 3*n**2 - 4*n + 9. Let s(x) = 8*x**3 + 3*x**2 + 5*x - 10. Let u = -30 - -36. Let g(q) = u*s(q) + 7*v(q). What is g(-4)?
11
Let o = 52 + -48. Suppose -2*q + q + o = 0. Let s(u) = -u - 1. Give s(q).
-5
Let c(n) be the second derivative of n**4/6 + n**3/6 - 2*n**2 + 52*n. Let g = -22 - -19. What is c(g)?
11
Let i(h) = h**3 - 8*h**2 + 7*h. Let z be i(7). Let x(w) be the first derivative of -1/3*w**3 - 6*w - 8 + 0*w**2 + 1/4*w**4. What is x(z)?
-6
Suppose f - 35 = 3*a, 6*f - 2*f - 112 = 5*a. Let b(p) = -6*p - 23 - f + 45. Determine b(-1).
5
Let p(l) = 2*l**2 - 2. Let t be p(-1). Let a(v) be the third derivative of -1/8*v**4 + t*v - 1/3*v**3 + 0 - 1/60*v**5 + 9*v**2. Calculate a(-2).
0
Suppose -49 = 12*f + 23. Let d(j) = 3*j + 12. Calculate d(f).
-6
Let s = 50 - 59. Let r(v) = -v - 4. Determine r(s).
5
Let z(a) = -a + 22. Let b = -1693 - -1708. Determine z(b).
7
Suppose -4*d = -2 - 22. Suppose 9*x - 13*x = -8. Let i(p) = -4 - 4 + 0 + 4*p - x*p. Determine i(d).
4
Let r = 32 - 48. Let f be (45/(-12))/((-3)/(-8)). Let l = r - f. Let q(z) = z + 4. C